 121*y**2 - 237*y + 998. Give h(-38).
-104
Let m(c) = -2*c**2 + 565*c - 20066. What is m(41)?
-263
Let v(l) = 1958063*l - 3916127. Determine v(2).
-1
Let z(n) = 1837*n - 376593. What is z(205)?
-8
Let z(s) = -3*s**3 + 54*s**2 - 205*s + 3710. Calculate z(18).
20
Let j(s) = s**3 - 31*s**2 - 53*s + 3237. Calculate j(29).
18
Let v(b) = -3154*b + 18163. Give v(5).
2393
Let q(t) = -6*t**2 + 309*t - 1744. Calculate q(35).
1721
Let v(h) = 315841*h - 69800858. Calculate v(221).
3
Let u(o) = 5*o**3 - 3*o**2 - 10680*o + 21373. Calculate u(2).
41
Let f(d) = 6*d**3 - 2*d**2 - 244*d - 1427. Give f(-6).
-1331
Let j(x) = -x**3 + 190*x**2 - 349*x - 4807. Calculate j(188).
269
Let i(j) = -151280*j + 302558. What is i(2)?
-2
Let f(y) = -624*y + 68637. Determine f(110).
-3
Let v(z) = 32228*z - 2030380. What is v(63)?
-16
Let p(w) = -10675*w + 10463. What is p(1)?
-212
Let t(h) = 165*h**2 - 21606*h - 1216. Determine t(131).
-37
Let l(z) = 327*z**2 + 121*z + 37. Calculate l(0).
37
Let u(i) = -41298*i + 702057. Determine u(17).
-9
Let x(c) = -9930*c - 1926413. Give x(-194).
7
Let l(q) = -62738*q + 10. What is l(0)?
10
Let q(n) = -162*n + 5961. What is q(42)?
-843
Let w(g) = 274*g**2 + 2501*g - 10. Calculate w(-9).
-325
Let r(d) = 2274*d - 93243. Calculate r(41).
-9
Let f(a) = -39623*a - 396246. Calculate f(-10).
-16
Let h(a) = -13*a**3 - 61*a**2 - 36*a + 36. Give h(-6).
864
Let p(w) = -2*w**3 + 136*w**2 - 193*w + 3956. What is p(67)?
3
Let b(r) = 34*r**3 + r**2 + 75*r + 213. Determine b(-3).
-921
Let w(h) = 872*h + 6431. What is w(-9)?
-1417
Let o(v) = -320*v - 15788. Give o(-50).
212
Let n(u) = -28*u + 1319. Calculate n(49).
-53
Let t(k) = -k**3 - 64*k**2 - 791*k + 360. Give t(-47).
-16
Let d(l) = -3*l**2 - 236*l + 3406. Calculate d(-90).
346
Let v(u) = -10*u**2 + 3374*u + 13644. Calculate v(-4).
-12
Let j(v) = -3*v**3 - 18*v**2 + 154*v + 927. Give j(-7).
-4
Let t(q) = -5*q**3 - 422*q**2 - 162*q + 142. Calculate t(-84).
-362
Let l(u) = 6*u**2 + 359*u - 217. Calculate l(-61).
210
Let x(j) = -52492*j - 157480. What is x(-3)?
-4
Let w(v) = -23856*v - 71559. Give w(-3).
9
Let u(p) = 232*p + 2319. What is u(-8)?
463
Let h(k) = 1028*k + 3053. Calculate h(-3).
-31
Let r(j) = -12185*j - 694584. What is r(-57)?
-39
Let k(j) = -19*j**2 + 1053*j + 3314. What is k(-3)?
-16
Let n(r) = -126729*r - 760374. Determine n(-6).
0
Let x(l) = -l**3 + 18*l**2 - 75*l + 475. Determine x(15).
25
Let v(u) = 150382*u - 1804695. What is v(12)?
-111
Let g(a) = a**3 + 14*a**2 - 92*a - 1068. Calculate g(-12).
324
Let t(x) = -7*x**2 + 41744*x - 208674. Give t(5).
-129
Let c(m) = -2*m**3 + 22*m**2 + 325*m - 323. Determine c(19).
76
Let o(r) = -371102*r - 9648647. What is o(-26)?
5
Let i(x) = 228*x**2 - 11401*x + 114. Determine i(50).
64
Let h(i) = i**3 + 9*i**2 + 205*i + 1169. Calculate h(-7).
-168
Let j(v) = -v**3 + 184*v**2 + 4987*v - 125. What is j(-24)?
-5
Let l(d) = 21*d**2 - 1603*d + 107. Give l(75).
-1993
Let d(h) = 5327*h - 484763. What is d(91)?
-6
Let w(y) = 4*y**3 - 174*y**2 + 968*y - 40. What is w(37)?
182
Let j(s) = -s**3 + 8*s**2 - 1251*s + 3748. What is j(3)?
40
Let f(z) = -20*z**3 + 18*z**2 - 37*z + 7. What is f(-3)?
820
Let h(i) = -2408*i - 481698. Calculate h(-200).
-98
Let i(y) = -8*y**3 - 5*y**2 - 8*y - 163. Determine i(-3).
32
Let o(n) = n**3 + 17*n**2 - 27*n - 602. What is o(-17)?
-143
Let w(o) = 223819*o - 895285. Calculate w(4).
-9
Let a(j) = -375*j + 91137. Calculate a(243).
12
Let p(a) = -151*a**3 + 4*a**2 + 116*a + 116. Give p(-1).
155
Let p(j) = -172*j**2 + 739*j - 39. What is p(6)?
-1797
Let j(y) = -y**2 - 57*y + 2439. Calculate j(-86).
-55
Let t(f) = f**2 - 6608*f - 1389649. Give t(-204).
-1
Let v(h) = -h**3 + 8*h**2 + 10*h + 90. What is v(9)?
99
Let w(g) = 3*g**2 - 542*g - 8259. Calculate w(-14).
-83
Let d(m) = 2*m**2 + 4129*m - 16552. What is d(4)?
-4
Let b(k) = -71*k**2 + 117*k + 21. Calculate b(2).
-29
Let r(b) = 9*b**2 + 274*b - 1490. Calculate r(6).
478
Let p(y) = y**2 - 1018*y + 174976. Determine p(219).
-5
Let x(j) = -3*j**3 - j**2 + 212*j + 631. Determine x(-3).
67
Let z(v) = 915*v + 218730. What is z(-239)?
45
Let c(w) = 30349*w + 3247337. Give c(-107).
-6
Let u(s) = 14*s**2 + 10568*s + 61412. Calculate u(-749).
-6
Let t(z) = -z**3 - 66*z**2 + 43*z - 1570. Give t(-67).
38
Let x(z) = 38*z**3 + 1973*z**2 - 95*z + 3327. Calculate x(-52).
155
Let x(d) = 72382*d + 144787. Give x(-2).
23
Let m(c) = -3*c**2 - 946*c + 8467. What is m(9)?
-290
Let v(h) = h**3 - 58*h**2 + 807*h - 2407. Determine v(39).
167
Let s(d) = 6*d**2 - 26*d - 91. Determine s(19).
1581
Let u(p) = p**2 + 90*p - 1418. Give u(15).
157
Let f(q) = 8188*q + 106444. Calculate f(-13).
0
Let g(d) = -d**3 + 51*d**2 + 41*d + 548. What is g(52)?
-24
Let c(i) = -12*i**3 + 3*i**2 - 1594*i - 1597. Calculate c(-1).
12
Let t(p) = 6584*p - 46115. Determine t(7).
-27
Let g(b) = 3*b**2 - 12*b - 3588. Calculate g(-31).
-333
Let y(p) = 122*p**2 + 52*p - 30. Determine y(1).
144
Let k(g) = -g**2 + 1512*g + 30129. Give k(-20).
-511
Let h(q) = 3*q**2 + 23916*q + 39. Calculate h(0).
39
Let i(t) = t**3 - 26*t**2 + 117*t + 2. What is i(20)?
-58
Let r(x) = x**3 - 169*x**2 - 357*x + 2464. What is r(171)?
-101
Let o(b) = 4*b**3 - 8*b**2 + 19*b - 25. Give o(2).
13
Let a(n) = n**3 - 277*n**2 + 2928*n - 546. Determine a(266).
-14
Let u(k) = -4*k**2 - 543*k - 1505. Give u(-3).
88
Let k(w) = -w**2 + 678*w - 22223. Calculate k(35).
282
Let j(t) = -10067*t - 90. Calculate j(0).
-90
Let m(h) = 4*h**3 - 83*h**2 + 338*h - 284. Calculate m(4).
-4
Let v(a) = 283*a + 1873. Give v(-7).
-108
Let g(d) = -472*d**2 - 5*d. Give g(-1).
-467
Let w(o) = 10*o**3 + 5*o**2 - 175*o - 978. Determine w(-6).
-1908
Let h(s) = -2*s**2 + 128*s + 10863. What is h(-49)?
-211
Let f(b) = -10*b**2 + 159*b - 1308. Calculate f(9).
-687
Let n(c) = -c**2 - 203*c + 1760. Calculate n(16).
-1744
Let p(s) = -11*s**3 + 6*s**2 + 12*s - 72. Determine p(4).
-632
Let y(k) = -83*k + 2363. What is y(29)?
-44
Let k(u) = 58*u**2 - 563*u + 1701. Calculate k(7).
602
Let c(f) = 26414*f - 12388172. Calculate c(469).
-6
Let t(a) = -a**2 - 1186*a + 286759. Calculate t(206).
7
Let w(g) = -4*g**3 + 65*g**2 + 99*g - 973. Give w(17).
-157
Let h(c) = c**3 - 189*c**2 - 560*c - 2601. Determine h(192).
471
Let r(q) = -19179*q - 230146. Calculate r(-12).
2
Let n(c) = -2*c**3 + 96*c**2 - 253*c - 760. Give n(45).
5
Let i(a) = 111690*a - 2792242. Calculate i(25).
8
Let t(i) = 2*i**2 - 9238*i + 165621. Give t(18).
-15
Let z(d) = 99019*d + 99034. What is z(-1)?
15
Let m(i) = 431*i + 110152. What is m(-257)?
-615
Let a(i) = 986*i + 4932. Calculate a(-5).
2
Let t(c) = 3407*c - 1781869. Give t(523).
-8
Let b(a) = 1398*a + 40534. Calculate b(-29).
-8
Let m(j) = -j**2 - 158209*j + 21. Determine m(0).
21
Let p(b) = -8928*b + 71717. Determine p(8).
293
Let d(f) = 11548*f + 3695357. Calculate d(-320).
-3
Let c(i) = 347*i - 3879. What is c(11)?
-62
Let w(i) = i**3 + 3*i**2 - 20897*i - 62657. Give w(-3).
34
Let x(q) = -653*q**3 + 14*q**2 - 17*q + 5. Calculate x(1).
-651
Let j(m) = m**3 + 5*m**2 - 101*m - 550. Determine j(-5).
-45
Let b(w) = 2*w**2 + 89*w + 79. Give b(-44).
35
Let q(s) = -s**3 + 10391*s**2 - 238464*s + 6. Determine q(23).
6
Let v(a) = -a**2 - 3081*a + 62038. Give v(20).
18
Let b(z) = 163*z + 18097. Calculate b(-112).
-159
Let c(b) = -7*b**2 + 2582*b + 5590. Determine c(371).
25
Let a(q) = -2819*q + 5407. Determine a(2).
-231
Let g(f) = -32*f**2 - 369*f - 576. Determine g(-10).
-86
Let b(h) = 23*h**2 + 172*h + 14. Give b(0).
14
Let z(p) = 4795*p + 4804499. Determine z(-1002).
-91
Let u(r) = 66494*r + 731551. Give u(-11).
117
Let h(s) = 1756*s - 367842. What is h(210)?
918
Let w(p) = -3*p**3 - 227*p**2 + 790*p + 27. Determine w(-79).
27
Let o(w) = 128*w**2 + 6855*w - 41084. Determine o(6).
4654
Let w(n) = -29*n**2 + 39*n - 168. What is w(6)?
-978
Let b(c) = 11921*c - 107283. Determine b(9).
6
Let p(y) = 85797*y - 12697957. What is p(148)?
-1
Let o(a) = -242*a**3 - 7*a**2 - 54*a - 48. Give o(-1).
241
Let u(s) = 37837*s + 302734. Calculate u(-8).
38
Let i(b) = 1286*b - 7772. What is i(6)?
-56
Let f(i) = -3*i**3 + 56*i**2 + 43*i - 447. Give f(19).
9
Let p(z) = -4*z**2 - 1680*z - 8368. Determine p(-5).
-68
Let k(w) = 13*w**3 - 139*w**2 - 985*w + 174. Calculate k(-5).
-1
Let m(t) = -3841*t - 5504